 is 10 + -699?
-689
In base 11, what is 112903 + 6?
112909
In base 8, what is -3317 + -471?
-4010
In base 10, what is 8 + 63730?
63738
In base 4, what is -1 + 12021332212?
12021332211
In base 9, what is 4 + 5515?
5520
In base 5, what is 3040314 + -2?
3040312
In base 12, what is 68120 + 2?
68122
In base 5, what is 10412331 - -33?
10412414
In base 12, what is -1782 - -36a?
-1414
In base 6, what is -3415 - -22052?
14233
In base 6, what is -10442523 - 2?
-10442525
In base 11, what is 16444 + 1?
16445
In base 2, what is 10101011000010 - 0?
10101011000010
In base 13, what is -32 + -6793?
-67c5
In base 10, what is 579 - 19?
560
In base 13, what is -1b54b5 + 0?
-1b54b5
In base 15, what is -77 - 6dcc?
-6e54
In base 13, what is 0 - 121202?
-121202
In base 8, what is 545376 - -3?
545401
In base 16, what is 9 + -fc5?
-fbc
In base 16, what is -50 - d4?
-124
In base 5, what is 104320 - 3013?
101302
In base 11, what is -5216 - -4?
-5212
In base 12, what is -39 - -877a?
8741
In base 15, what is -8 + -b99c?
-b9a5
In base 16, what is 0 + 3c27?
3c27
In base 12, what is 207 - 7?
200
In base 6, what is 13 + -12302232?
-12302215
In base 2, what is -1111001 - -100111110010?
100101111001
In base 8, what is 75 - 32?
43
In base 6, what is -1413015 - 31?
-1413050
In base 2, what is 10011 - 1110100010010111?
-1110100010000100
In base 7, what is 10 - 533541?
-533531
In base 7, what is -5460 + -135?
-5625
In base 7, what is -513431 - -5?
-513423
In base 2, what is 11 - 1000101101000011011?
-1000101101000011000
In base 12, what is a2 + 17b?
261
In base 11, what is -26 - 3984?
-39aa
In base 3, what is -11021220 - -200?
-11021020
In base 3, what is -100112 - -11212012?
11111200
In base 5, what is -403240011 - -2?
-403240004
In base 15, what is 20 - -189bb?
189db
In base 2, what is 110010101001100001 + -10?
110010101001011111
In base 15, what is 2b + -125d1?
-125a5
In base 3, what is -112201 + 11121011?
11001110
In base 16, what is 47 + -4c2?
-47b
In base 12, what is -356 + 4678?
4322
In base 12, what is -586 - -a24?
45a
In base 5, what is 4 - 234204?
-234200
In base 16, what is -51 + -288?
-2d9
In base 13, what is -30549 - -3?
-30546
In base 13, what is 13 + 6b91?
6ba4
In base 14, what is -15 + -50973?
-50988
In base 13, what is 0 + aa92?
aa92
In base 8, what is -23 + -2400?
-2423
In base 14, what is 40cc + -13?
40b9
In base 14, what is -1a12 + 1b?
-19d5
In base 5, what is -2 - -120403?
120401
In base 11, what is 1 - 50703?
-50702
In base 2, what is 11011000001000110111001 - 101?
11011000001000110110100
In base 10, what is -6 - 139234?
-139240
In base 16, what is -19f - d03?
-ea2
In base 16, what is -6 + 18c4?
18be
In base 15, what is 39d + c?
3aa
In base 13, what is -15 - 7314?
-7329
In base 6, what is 1023053 + 1?
1023054
In base 10, what is -10 + -288?
-298
In base 4, what is 1232 + 3122?
11020
In base 13, what is -17 + -7a65?
-7a7c
In base 6, what is 232 - -2433?
3105
In base 5, what is -4240 + -14?
-4304
In base 5, what is 104314 + -1?
104313
In base 14, what is 3 + c0cb6?
c0cb9
In base 14, what is b3d - 4?
b39
In base 10, what is -126 - 3854?
-3980
In base 11, what is -499 + -1357?
-1845
In base 16, what is -1a7a1 + 20?
-1a781
In base 9, what is -4 + 51126?
51122
In base 2, what is -1010101 + 11110110011?
11101011110
In base 6, what is -2044332 + -5?
-2044341
In base 9, what is -841 - -42?
-788
In base 6, what is -303251 + -5?
-303300
In base 4, what is 3 + -1021023?
-1021020
In base 11, what is -1a8 - -2?
-1a6
In base 6, what is -112 + -4?
-120
In base 15, what is -32 + 12c2a?
12be8
In base 5, what is -42340 + -11?
-42401
In base 4, what is -3 + -13312202?
-13312211
In base 9, what is 7 + -166?
-158
In base 8, what is 116556 + -26?
116530
In base 9, what is 2014735 - -4?
2014740
In base 12, what is -4 - -2583b?
25837
In base 10, what is 415774 + 0?
415774
In base 16, what is -2e55 - 3?
-2e58
In base 7, what is -6 - 50115?
-50124
In base 14, what is -4d - -60?
11
In base 7, what is -1160 - -12224?
11034
In base 13, what is -3907 + 0?
-3907
In base 9, what is 2472 - -71?
2553
In base 13, what is 84bc - -306?
87c5
In base 16, what is 2d80 + 5?
2d85
In base 15, what is 50443 - 0?
50443
In base 11, what is -500 + 2981?
2481
In base 12, what is 4 + -97655?
-97651
In base 6, what is 122 + 31433?
31555
In base 10, what is 700088 + 17?
700105
In base 14, what is 5 + -28cc9?
-28cc4
In base 11, what is -23 - 29961?
-29984
In base 12, what is -1a784 + 6?
-1a77a
In base 15, what is -1970 - 5?
-1975
In base 12, what is 1bb77 + 35?
1bbb0
In base 4, what is -3 + 101313031?
101313022
In base 5, what is 10441 + -40110?
-24114
In base 9, what is -5587568 - 0?
-5587568
In base 14, what is -5 + -1290b?
-12912
In base 16, what is -460 - -5?
-45b
In base 2, what is -1011111110001 + 10?
-1011111101111
In base 8, what is 4721257 - -2?
4721261
In base 3, what is 2 - 1011211?
-1011202
In base 4, what is 20 - -213230?
213310
In base 9, what is -10233 + 5?
-10227
In base 3, what is -10 - -220222212111?
220222212101
In base 9, what is -25 - -1331?
1305
In base 11, what is -3286 + 17?
-326a
In base 15, what is 6 + -150e?
-1508
In base 7, what is -103 - 66413?
-66516
In base 13, what is -4 - -18a91?
18a8a
In base 4, what is 11 - -233201?
233212
In base 14, what is -2 - 36bb?
-36bd
In base 15, what is 170 + 70b?
87b
In base 10, what is 712 - -690?
1402
In base 13, what is 2b2849 - -5?
2b2851
In base 4, what is -313110032 - 101?
-313110133
In base 11, what is -79141 + -3?
-79144
In base 12, what is 12 + 143a43?
143a55
In base 13, what is 1 - -1289?
128a
In base 10, what is 203 - -11668?
11871
In base 5, what is 2 - 11234?
-11232
In base 11, what is 2 - 47503?
-47501
In base 10, what is -4107 + -21?
-4128
In base 5, what is -22400311 + 0?
-22400311
In base 11, what is -22a - 1457?
-1686
In base 2, what is -111 - 10101110111010?
-10101111000001
In base 13, what is -13a - b0?
-21a
In base 16, what is b0f5 - -d?
b102
In base 10, what is 1814 + -9?
1805
In base 8, what is 4042 + -221?
3621
In base 3, what is -1000 - 200210?
-201210
In base 10, what is 3306165 - -3?
3306168
In base 15, what is -db913 - 0?
-db913
In base 3, what is -1001220 - -200?
-1001020
In base 16, what is -24 - -6118?
60f4
In base 13, what is 155 + -201?
-79
In base 3, what is -100 + -2012021?
-2012121
In base 9, what is 573037 + -6?
573031
In base 15, what is -1eb + 1ec?
1
In base 4, what is 323012203 - 3?
323012200
In base 3, what is -2212 - -10020?
101
In base 14, what is 3 + 900c2?
900c5
In base 14, what is 184 - -511?
695
In base 12, what is 4b - 583b?
-57b0
In base 13, what is -4 + -28232?
-28236
In base 6, what is 112 - 3223535?
-3223423
In base 16, what is -276 - -4?
-272
In base 3, what is -2011 - -2220?
202
In base 8, what is -1305 - 750?
-2255
In base 9, what is 5826 + -632?
5184
In base 13, what is -62 + 26c?
20a
In base 9, what is -47816 - -12?
-47804
In base 13, what is -198 + 62?
-136
In base 9, what is 486 - 3682?
-3185
In base 5, what is -24022 + -1244?
-30321
In base 13, what is 99 - 4a35?
-4969
In base 4, what is 1202201 - -10?
1202211
In base 16, what is -106b + 14?
-1057
In base 3, what is -1221001101 + 12?
-1221001012
In base 6, what is -11 + -320420?
-320431
In base 6, what is 5 + -41210?
-41201
In base 9, what is 2 - -574427?
574430
In base 8, what is 3 - 406473?
-406470
In base 6, what is -33502 + -35?
-33541
In base 15, what is -212 - 2d?
-240
In base 2, what is -1011110010111010 + -1001?
-1011110011000011
In base 6, what is 1433 + 5215?
11052
In base 15, what is -39c + -48?
-3e5
In base 7, what is -104651 + 2?
-104646
In base 13, what is 2758 - -40?
2798
In base 14, what is -71 + -188?
-219
In base 9, what is -583 - -27?
-555
In base 6, what is -2555454 + -5?
-2555503
In base 12, what is -3527 + -5?
-3530
In base 12, what is -286 + 21?
-265
In base 7, what is -131301 + 2?
-131266
In base 7, what is -4003010 + -4?
-4003014
In base 9, what is 43505 - 22?
43473
In base 12, what is b - -37b26?
37b35
In base 10, what is -3295 - 1?
-3296
In base 14, what is -10c0 + -7?
-10c7
In base 16, what is 56cf6 + 1?
56cf7
In base 14, what is -ba64 + -5?
-ba69
In base 6, what is -4 - 212411?
-212415
In base 15, what is -4 - 3c03?
-3c07
In base 16, what is -6f6 + -26?
-71c
In base 5, what is -2321 - -104?
-2212
In base 5, wh